 1170, -3*x - 82*i + 77*i + 689 = 0. Calculate the remainder when x is divided by 120.
118
Let k(u) = -u**3 + 13*u**2 + 4*u - 18. Let o be k(9). Let a = -262 + o. What is the remainder when a is divided by 30?
20
Let v = -56798 - -56815. Suppose 0 = -t - 3*d + 87 + 22, 2*t + 3*d = 215. Calculate the remainder when t is divided by v.
4
Suppose -80762 + 76616 = -6*z. What is the remainder when z is divided by 116?
111
Suppose 0 = 33*k - 29*k + 22*y - 76, -k + 46 = y. Suppose 0 = 2*u - 2*t - 52, u - 2*u = 4*t - 36. Calculate the remainder when k is divided by u.
24
Suppose -7*v - 56 = 2*p, -2*p = -4*v + 8161 - 8215. Calculate the remainder when (-2)/(-5) - 536/(-10) is divided by p.
5
What is the remainder when 615 is divided by (0 - -60)*(0 + 1*(4 + 1))?
15
What is the remainder when (-28)/4 - (27 + -15 - 653) is divided by 317?
0
What is the remainder when 1397 is divided by 2/(679/194 + 17/(-5))?
17
Suppose -17*k + 4 = -21*k, 4*k - 1368 = -4*s. Suppose 4*f = 201 + s. Calculate the remainder when f is divided by 20.
16
Suppose -100 - 190 = -5*i. Suppose -627*w + 8 = -649*w + 52. What is the remainder when i is divided by w?
0
Let m(g) = -34*g - 362. What is the remainder when m(-31) is divided by 18?
8
Suppose -8*g + 270 = -3*g. Suppose -g = -p - p. What is the remainder when p is divided by -9*(-22)/693 + 2*(-206)/(-28)?
12
Suppose 26 = -0*u - u. Let y = 34 + u. Let o(f) = -22*f**3 + f. What is the remainder when o(-1) is divided by y?
5
Suppose 0*s + 75 = 3*s - 2*i, -9 = 3*i. Let q = 33 - s. What is the remainder when 28 is divided by (-1 + q - (5 - 5)) + -1?
4
Suppose -6*h = 34 - 16. Suppose 0 = -7*t - 84 + 231. Let x = h + t. What is the remainder when x is divided by 10?
8
Let g(r) = r**2 + 184*r - 359. Let y(w) = -17*w - 8. What is the remainder when y(-7) is divided by g(2)?
7
Let x(r) = -r**3 + 2*r**2 + 13. Let j be x(3). Suppose -156 = -p - 3*l, 0*l - 592 = -4*p + j*l. What is the remainder when p is divided by 9?
6
Calculate the remainder when (-10)/(-10) + 14 - -1406 is divided by 96.
77
Let x = 13 + -6. Let z(j) = j + 29. Suppose 2*k + 24 = -0. Calculate the remainder when z(k) is divided by x.
3
Let b be -20 + 7 + -10 + -9. Let p(z) = z**3 + 32*z**2 - 8*z - 38. What is the remainder when p(b) is divided by 44?
42
Let y(c) = 393*c**3 + 2*c**2 + 18*c - 17. Calculate the remainder when y(1) is divided by 94.
20
Let l = -5621 + 7311. What is the remainder when l is divided by 190?
170
Suppose -3*d + 2*d + 4 = 0, 0 = -3*i - d + 106. Let l(w) = 113*w - 1. Let a be l(1). Suppose r - 22 = a. Calculate the remainder when r is divided by i.
32
Let c(w) = -3*w**3 - 104*w**2 - 183*w - 66. What is the remainder when c(-33) is divided by 135?
123
What is the remainder when 225 is divided by (-38)/((-136)/(-476) - ((-80)/21)/(-4))?
54
Let a = -3 - -6. Suppose a*s - 2*j = 47, -4*s - 3*j = -8*j - 65. Suppose -s - 26 = -c. What is the remainder when 121 is divided by c?
39
Let k = 8147 - 8128. What is the remainder when 487 is divided by k?
12
Suppose -3*h + i = -3*i - 188, 236 = 4*h + 2*i. Let n = -17057 + 17171. What is the remainder when n is divided by h?
54
Suppose 0 = n - 0*n - 26. Let y = -41175 - -41301. What is the remainder when y is divided by n?
22
Let t = -52 - -139. Let u = -3 + 15. Let f(w) = -w**3 + 13*w**2 - 10*w - 6. Calculate the remainder when t is divided by f(u).
15
Let s = -67 + 122. Suppose -g - s = -52. Let m(i) = 6*i**2 + 4*i. What is the remainder when m(g) is divided by 9?
6
Suppose -224 = -3440*g + 3424*g. What is the remainder when 3947 is divided by g?
13
Let q(u) = -46*u + 31*u + 5*u**3 - 17 - 4*u**3 + 15*u**2 + 27*u. Calculate the remainder when 21 is divided by q(-14).
10
Suppose -123*b + 3630 = -57*b. What is the remainder when 4947 is divided by b?
52
Let a(j) = 5*j + 16. Let i be (-3)/(-18) + (-9)/54. Let d be a(i). Suppose -9 - d = -5*b. Calculate the remainder when 28 is divided by b.
3
Let f = 99 + -51. Let b(n) = n**2 - 3*n + 16. Let s be b(-8). What is the remainder when f is divided by (-2)/((-12)/9*12/s)?
9
Suppose -5*r + 50 = 5*i, 0 = r - 3*i - 0*i + 10. Suppose -1644 = r*z - 1819. What is the remainder when 173 is divided by z?
33
Calculate the remainder when 1458 is divided by 2/4 - (-1 - (-7448)/(-16)).
57
Suppose -5*o + 252 = -88. Suppose -x - g + 334 = 0, -x - g + 2*g + 342 = 0. What is the remainder when x is divided by o?
66
Let w = -59 - -90. Suppose 4*y = g - w, 4*g + 2*y - 65 = 131. Let c = 201 - 193. Calculate the remainder when g is divided by c.
7
Suppose 0 = -5*v - 2*c - c + 120, -2*c = 0. Suppose v*o = -o + 550. Calculate the remainder when 32 is divided by o.
10
Let l(c) = -c**3 - 25*c**2 - 2*c - 43. Let g be l(-25). Suppose -16*d + g*d + 513 = 0. What is the remainder when d is divided by 15?
12
Suppose -16 + 40 = 8*y. Let q be (-10)/(-12) - y*(-8)/144. Let s(a) = 21*a**2 + 3*a - 2. What is the remainder when s(q) is divided by 13?
9
Let l be (46/(-8))/(4/16). Let j be 4/12*87 - 1. Let o = j + l. What is the remainder when o is divided by 3?
2
Suppose 6 = 3*q - 4*a, 3*q + 0 = 2*a + 6. Let l(d) = -6*d + 18. What is the remainder when 167 is divided by l(q)?
5
Let t(f) = -24*f + 282. Suppose -2*c - 3*c = -i + 72, -i = 2*c - 86. Calculate the remainder when i is divided by t(11).
10
Let w = 7365 - 7258. Calculate the remainder when 412 is divided by w.
91
Suppose 0 = 2*f + 5*g - 229, -2*g = -f - 4*g + 113. What is the remainder when 317 is divided by f?
103
Let z = 2 + -2. Suppose -2*u + 174 = 3*d, -352 = -4*u - z*u - 5*d. Suppose 139*q - 1571 - 180 = 473. What is the remainder when u is divided by q?
13
Suppose 0 = y - 5*d - 762 + 292, 2*y - 1052 = -4*d. What is the remainder when y is divided by 63?
6
Let t(l) = -l**2 - 6*l + 64. Let k = -788 + 793. Let p = -3 - -5. What is the remainder when t(k) is divided by p?
1
Let r(x) = 14*x**2 + 18*x + 31. Let v be r(-2). Calculate the remainder when 147 is divided by 23/46*(v - 1).
22
Let o be (1 - -6) + (-15300)/(-50). Let p = 341 - o. What is the remainder when p is divided by 16?
12
Let f = 49 + -34. Let g be 2/(-3) - (-70)/f. Suppose -2*p = g*m - 0*m - 26, 0 = m + p - 6. Calculate the remainder when 19 is divided by m.
5
Let b(r) = -1 - 2 + r - 3*r + 3*r. Let q be b(7). Suppose 2*u - 3*z - 30 = 0, -q*u = -u - 4*z - 44. What is the remainder when u is divided by 7?
5
Let b(m) = -2 - 11 + 4 + 3*m. Suppose -4*d - 27*d = -3317. Calculate the remainder when d is divided by b(7).
11
Let a(u) = -u**3 - 23*u**2 - 7. Let r be a(-23). Let z(f) = f - 1. Let q be z(r). Let g = q - -36. What is the remainder when 83 is divided by g?
27
Suppose -54 = -2*k - c, 29*k - 26*k + 5*c = 81. Suppose -300 = -5*t + a + 211, -t + 4*a + 106 = 0. What is the remainder when t is divided by k?
21
Suppose -48*q + 2842 = -14*q - 150. What is the remainder when q is divided by 69?
19
Suppose -513*v + 845442 = 64656. What is the remainder when v is divided by 371?
38
Suppose 2*b - 166 = -3*v + 168, b - 193 = 5*v. What is the remainder when b is divided by 10?
3
Let h be (0 + 1)/(9/63)*2. Let u(m) = 19 + 96*m**2 + 15 - 47 + h. Calculate the remainder when u(-1) is divided by 20.
17
Let u(t) = t**2 + 5*t + 5. Let o be u(0). Suppose o*q = -2*m + 90, m - 75 = -5*q + 2*m. What is the remainder when 29 is divided by q?
13
Let z = -38985 - -39016. Calculate the remainder when 12667 is divided by z.
19
Let f = 433 + -213. Let m = f - 40. What is the remainder when m is divided by 7?
5
Suppose 3*p = -2*u + 17, 2 + 37 = 4*u + 5*p. Let l(y) = -7*y**2 - 66*y - 23. Let z be l(-9). Suppose i = u + z. Calculate the remainder when 65 is divided by i.
5
Let l(x) = 2 - 153*x + 1 - x**2 + 77*x + 69*x + 9. Calculate the remainder when 477 is divided by l(0).
9
Let d(a) = a**2 + a. Let j be d(5). Suppose -7*u + 2*u + j = 0. Let i(c) = -c**2 + 9*c - 3. What is the remainder when 57 is divided by i(u)?
12
Let o = 611 - 581. Suppose -201 = -o*y + 219. Suppose 0 = -2*h, 0 = -5*c + 2*h + 611 - 201. What is the remainder when c is divided by y?
12
Let w(p) = 86*p - 5. Suppose 0 = 5*d - b + 3, 2*b - 3 = b. What is the remainder when w(1) is divided by 41 + d*((-8)/(-6) - 1)?
40
Let x(h) = 59*h - 116. Let w(j) = -j**3 - 3*j**2 - 4*j - 3. Let a be w(-3). What is the remainder when x(a) is divided by 